*d**3 - d**2 + d + 5. Let a be q(0). Suppose -2*g = r, -i - 88 = -a*i + 5*g. List the prime factors of i.
2, 11
Let m = 25 - 23. Let t be (1 + -2014)*(m/(-3))/2. Suppose 4*o = 15*o - t. List the prime factors of o.
61
What are the prime factors of 1 + 1 + 4 + (-151)/(604/(-98000))?
2, 12253
Let l = 108 - 128. Let r = l + 268. List the prime factors of r.
2, 31
Suppose -14836 = 2*x - 6*x. Suppose 5*h + 5*z = -6080, 5*h + x = 5*z - 2411. What are the prime factors of 1*(h/(-5))/4?
61
Suppose 3*a - 6 = 0, 5*j - 6*a - 5 = -a. Let m(q) = -5*q**3 + 14*q**2 + 10*q + 16 + 13*q**j - 7*q**3. List the prime factors of m(-13).
5, 11
Let t(k) = -k**2 + 14*k + 3. Let x be t(14). Suppose -8*d = -x*d. Suppose 2*m + d*m - 10 = 0. List the prime factors of m.
5
Let b be 268/(-6 - -10) + 2. Suppose w - b = n, n + 59 + 270 = 5*w. List the prime factors of w.
5, 13
Let f = -64666 + 98841. What are the prime factors of f?
5, 1367
Let k(q) = -23*q + 15. Let r be k(3). Let u = r + 62. Suppose -u = -3*g + 268. What are the prime factors of g?
2, 23
Let q = -149 - -145. List the prime factors of -24*(q/(-6))/(2/(-25)).
2, 5
Let p = -13327 - -26658. List the prime factors of p.
13331
Let k(y) = 9*y**2 + 112*y + 204. List the prime factors of k(-35).
7309
Let d(q) be the second derivative of -43*q**5/120 + 13*q**4/24 - 2*q**3/3 + 25*q. Let k(f) be the second derivative of d(f). List the prime factors of k(-4).
5, 37
Let r = 252 - -4813. List the prime factors of r.
5, 1013
Let p = -32 + 27. Let i(g) = -101*g + 10. Let s be i(p). List the prime factors of 4/10 + (4 - s/(-25)).
5
Suppose 0 = 10*h - 17*h + 21. Suppose -5*x + 2*n = -2020, h*x - 5*n + 586 = 1817. What are the prime factors of x?
2, 3, 67
Let m = 325 + 378. Let c = 1288 - m. What are the prime factors of c?
3, 5, 13
Let x(z) = -179*z**2 - 2*z - 2. Let j be x(-1). Let r = j + 395. List the prime factors of r.
2, 3
Let q = 12470 + -6308. What are the prime factors of q?
2, 3, 13, 79
Suppose -6*j + 4 = -2*j + 4*u, -14 = -5*j + 4*u. Let g = -28 - -32. Suppose 5*f = 2*d + 360, -g*f + j*f = -3*d - 155. What are the prime factors of f?
2, 5, 7
Suppose -3*f + 14 = 4*i, 4*f = 5*i - i + 56. Let s = 813 - 813. Suppose f*q = 5*q + 2*h + 263, q + 3*h - 39 = s. List the prime factors of q.
3, 17
Let n(m) = -m**3 - 43*m**2 + 11*m - 41. What are the prime factors of n(-44)?
17, 83
Let m be (-8)/(-6) - 198/(-54). Let f be 10/25 - 2/m. Suppose f = 10*j + 8*j - 162. What are the prime factors of j?
3
Let z be 64/112 + 5816/14. Let y = 1755 - z. What are the prime factors of y?
13, 103
Suppose -2*r + 9 = -3. Suppose r*j - 4*j - 40 = 0. Suppose 3*s = 4*w - 5*w + 95, -4*w = -j. What are the prime factors of s?
2, 3, 5
Let j(o) be the second derivative of 11*o**3/3 - 4*o**2 - o + 14. Let s be 1 + (-132)/(-15) + (-1)/(-5). What are the prime factors of j(s)?
2, 53
Let w(g) = 39*g - 10. Let z = -96 + 100. What are the prime factors of w(z)?
2, 73
Suppose -4*k - 3*q = -637, -4*k + 5*q = -479 - 198. Suppose 160*v = k*v + 5*l - 5692, 5*v = 2*l + 9466. What are the prime factors of v?
2, 947
Let b(a) = -1305*a - 1786. What are the prime factors of b(-14)?
2, 13, 317
Suppose 4*a = 4*x - 19672, -2*x + a + 5253 = -4584. List the prime factors of x.
4919
Let r = 91 + -88. Suppose 2*p - 253 - 147 = -4*o, r*p - 565 = o. What are the prime factors of p?
2, 5, 19
Let i(o) = 54*o**3 - 5*o**2 - 6*o + 2. Let u(t) = -217*t**3 + 20*t**2 + 24*t - 9. Let g(k) = -9*i(k) - 2*u(k). List the prime factors of g(-2).
2, 53
Let x(u) = -7*u - 25. Let g(p) = -20*p - 75. Let l(q) = -4*g(q) + 11*x(q). Let w be l(-10). What are the prime factors of (3 + w)/(2/(-16))?
2
Let f be (8/(-2) - -8) + -4. Suppose 5*x = 2*c - 11, -4*c = -f*c - 3*x - 1. List the prime factors of (-6)/(c/21*3).
3, 7
Let x(l) = 19 - l - 4 + 5 + 8*l + 4*l. Suppose 13 + 9 = 2*g - 4*d, -4*g - 5*d + 18 = 0. What are the prime factors of x(g)?
97
Let k(l) = 233*l**2 - 166*l + 207. List the prime factors of k(12).
3, 10589
Suppose 15*t - 69 = 51. Suppose 6*m + 740 = t*m. What are the prime factors of m?
2, 5, 37
Let c = 6433 + 12372. List the prime factors of c.
5, 3761
Suppose 2*r = 22*r + 5148 - 78108. List the prime factors of r.
2, 3, 19
Suppose 3*v - y - 18921 = 24136, 0 = -3*v + 3*y + 43065. List the prime factors of v.
113, 127
Let n(i) = i**2 + 2*i - i**2 + 3*i**2. Let w be n(1). Suppose -w*a + 522 = 102. List the prime factors of a.
2, 3, 7
Let t = 18604 - 14986. What are the prime factors of t?
2, 3, 67
Suppose -5*g - 80 = -5*z, 0*z = -3*z + 2*g + 46. Suppose 0 = z*k - 15*k + 258. Suppose t - 6*t - 2*x + k = 0, 0 = t + 3*x - 62. List the prime factors of t.
2, 5
Let i = -1185 + 55825. What are the prime factors of i?
2, 5, 683
Let b(x) = -286*x**3 - 404*x - 1993. What are the prime factors of b(-5)?
7, 19, 269
Let u(i) be the third derivative of -i**6/40 + i**5/12 + i**4/4 - 13*i**3/6 + i**2 - 104. List the prime factors of u(-6).
19, 41
Suppose 324*b = 333*b + 9. What are the prime factors of (3 - (b + -3)) + 859?
2, 433
Let y(o) = -16*o**2 + 2. Let m(k) = k**2 + k + 1. Let d(c) = 2*m(c) - y(c). Suppose g + 7 = -20*a + 24*a, a + 4*g = 23. What are the prime factors of d(a)?
2, 3, 7
Let g = -120 - -178. Suppose -14 + g = 4*w. Let q = 62 + w. List the prime factors of q.
73
Let i(z) = 159*z**2 - 68*z + 368. List the prime factors of i(6).
2, 7, 29
Suppose 10*a + 63 = -37. Let m be 9/5 + (14/(-7))/a. Suppose -i = -m*g + 194, 0*i - 12 = -3*i. List the prime factors of g.
3, 11
Suppose -16*k + v - 16 = -18*k, v + 20 = 4*k. What are the prime factors of (-615)/(-9) - k/18?
2, 17
Suppose 5*z - 2 = 3*z - 3*w, 4*w + 20 = 3*z. Suppose z + 0 = n. Suppose 5*b + 20 = 0, -5*b = n*a - 3*a - 45. List the prime factors of a.
5, 13
Let u = -15 - -16. Let b be u/((-4)/24) + -3. What are the prime factors of (-1 + -40)/(9/b)?
41
Suppose -y = 5*b + 2*y - 98, -3*y + 22 = b. Suppose -14 = 5*l - b. What are the prime factors of (-7 + 8)/(l/2) + 156?
2, 79
Let i = -175 - -15. Let l = i - -398. Suppose -4*h - 134 = -4*g + l, 3*h - 15 = 0. What are the prime factors of g?
2, 7
Suppose 869981 - 153045 = -10*l + 32*l. List the prime factors of l.
2, 8147
Suppose 18110 = 2*b + 5*p, 4*b - 7142 = -p + 29060. What are the prime factors of b?
2, 5, 181
Let c(r) = 80*r**2 + 8*r + 19. Let s(b) = 4*b**2 + b - 1. Let p(g) = c(g) - 2*s(g). List the prime factors of p(-3).
3, 7, 31
Suppose 5*w = 0, 3*t = -w + 2518 + 23225. List the prime factors of t.
8581
Let l(h) = -143583 + 649*h + 1180*h + 143577. What are the prime factors of l(1)?
1823
Suppose 3*x = -4*p + 15, 21*p = 4*x + 22*p - 7. List the prime factors of x/(-3 + 2)*1296/(-2).
2, 3
List the prime factors of 5 + (14514/9 + 7 - (-4)/(-6)).
2, 7, 29
Let z(m) = 28*m + 5. Let l be z(12). Suppose 3*a - l - 1474 = 0. What are the prime factors of a?
5, 11
Suppose 4*j - 10458 = -x, 9*j - 12*j = 5*x - 52358. What are the prime factors of x?
2, 5237
What are the prime factors of (1314/45)/(7*(-12)/(-154980))?
2, 3, 41, 73
Suppose -4723 = -16*i + 2653. Suppose 2*z + i = 2339. What are the prime factors of z?
3, 313
What are the prime factors of ((-144)/(-8) - 11) + (2 - -9980)?
7, 1427
Suppose -16*a = -6*a. Let p = 0 + a. Let z(n) = n**3 - n**2 + 85. What are the prime factors of z(p)?
5, 17
Suppose -9*u + 4*u = -4*w + 26583, 3 = 3*u. What are the prime factors of w?
17, 23
Let b(z) = z**2 - 25*z + 139. Let u be b(17). Suppose -2*a + m = -u*m - 336, -2*a - 2*m = -354. List the prime factors of a.
2, 3, 29
Let k = -65 - -72. Suppose 0 = -2*v + 4*b + 418, -k*v + 4*b + 211 = -6*v. List the prime factors of v.
3, 23
Let s = -65 - 70. Let n = s + 259. List the prime factors of n.
2, 31
Let b(j) = -25*j + 21 - 18 + 4*j**2 + 7*j**2. List the prime factors of b(-4).
3, 31
Let u(f) = -217*f**3 + 2*f**2 + f. Let m = -85 + 84. What are the prime factors of u(m)?
2, 109
Let k(j) = -25*j - 68. Let o be k(-14). Suppose b - 65 = -3*n + 348, -2*b + o = 2*n. List the prime factors of n.
2, 17
Let u = 35804 - 21592. What are the prime factors of u?
2, 11, 17, 19
Let r be ((-4)/6)/((-34)/3927). Suppose 0 = -2*m - 73 + r. Suppose q = -4*b + 224, 0*b = -4*q + m*b + 914. What are the prime factors of q?
2, 3, 19
What are the prime factors of 24/(-2)*27024/(-48)?
2, 3, 563
Suppose 22*n = -222*n + 